 570. Is w(97) composite?
False
Let p(l) = 1347*l + 557. Is p(40) composite?
False
Let a(g) = g**2 + 1. Let y(h) = -939*h**2 - 15*h + 79. Let q(j) = 6*a(j) - y(j). Is q(4) composite?
False
Let i(g) = -3543*g**3 - 14*g**2 - 4*g + 2. Is i(-3) a prime number?
True
Let w(a) = 1788*a - 3103. Is w(5) a composite number?
True
Let p(u) be the second derivative of 7*u**4/6 - 11*u**3/3 - 81*u**2/2 + 148*u. Is p(20) a composite number?
True
Suppose -3601 + 1204 = -16*c - c. Is c composite?
True
Is 3288837/81 - (-112)/1512 a composite number?
True
Suppose 63*t = 57*t + 140730. Let q = t - 9348. Is q a composite number?
False
Let a(d) = d**3 - 56*d**2 - 61*d + 859. Is a(79) composite?
True
Suppose 25*k - 2283166 - 8808609 = 0. Is k composite?
True
Let x(a) = 105*a**3 + 23*a**2 - 124*a - 139. Is x(15) a prime number?
True
Let b = 235 + -235. Suppose 2*s - s - 5*t - 35761 = 0, b = -s - 3*t + 35761. Is s a composite number?
True
Let o(n) = 5*n**2 - 17*n + 11. Let k(v) = -v**2 - 10*v - 7. Let i be k(-8). Is o(i) prime?
True
Suppose -3*u + 287025 = w, 5*w = 2*u - 149055 - 42278. Is u prime?
False
Let j = 123 - 126. Is 90/60*(-662)/j a prime number?
True
Let y be (360/6)/6*1/2. Suppose -b + 1340 = t, 5*b + y*t = t + 6703. Is b prime?
False
Let j = 11028 - 7093. Is j a prime number?
False
Let x(k) = -4*k - 23. Let m be x(21). Let c = m + 152. Suppose -40*l - 1505 = -c*l. Is l prime?
False
Let p be 210/(-35) - (0 - 4). Is ((-31864)/10)/(-4) + p/(-5) prime?
True
Let l(t) = 12 - 2*t**2 + 10*t**2 + 5*t - 5. Let n be (-3 - 20/(-12))*90/20. Is l(n) a composite number?
True
Suppose -26*g + 9*g = -68. Suppose -3*y = g*d + 2*y - 79350, -4*d - 2*y = -79344. Is d prime?
False
Suppose 0 = -144*k - 48*k + 22750656. Is k composite?
False
Let t be 8/((-32)/(-4596))*11. Let i = -5410 + t. Is i a prime number?
True
Let p(m) = 12*m**2 + 10*m - 13. Suppose z + 0*z - 27 = -5*t, 3*z = 5*t - 19. Suppose z*w + 5 = 7*w + 5*b, -5*b = -4*w + 49. Is p(w) composite?
False
Let t = -6 - -7. Let k(c) = -586*c + 2. Let r be k(t). Let y = r + 1495. Is y a prime number?
True
Let h be (-72120)/(-21) + 72/(-252). Suppose -4131 = -5*a + h. Is a a composite number?
True
Let r = 160585 + -32664. Is r composite?
False
Suppose -u - 4 = -p, -4*p = -2*u - 50 + 38. Let w(a) = 26*a**2 - 4*a + 7. Let c(i) = -39*i**2 + 6*i - 10. Let z(y) = -5*c(y) - 7*w(y). Is z(p) prime?
False
Let y(i) = 2*i**2 + 6*i + 2. Let x be y(-4). Suppose -16053 + 923 = -x*p. Is p a composite number?
True
Is ((-6)/(-14) + 184/(-168))/(8/(-4305732)) prime?
True
Let u(h) = -92*h - 3. Suppose -8*q + 19*q - 44 = 0. Suppose 3*d + q*v + 40 = 2*d, 4*d - 2*v = -70. Is u(d) a prime number?
False
Suppose -v + 9400 = 645. Let d = v - 25939. Is 1/3 + (d/(-9))/8 a prime number?
True
Suppose 79*s - 56*s = 48*s - 13605325. Is s a composite number?
True
Suppose -8 = -4*u + 6*u, 10 = -5*x - 5*u. Suppose -7*r + 16389 = x*r. Suppose -r = -j + 206. Is j a prime number?
True
Suppose 125*m = 121*m - 3*l + 1460482, -4*m - l = -1460486. Is m a prime number?
False
Let x = 28037 - 15036. Is x composite?
False
Let y = -43261 + 72440. Is y composite?
False
Suppose -248 = 5*z + m, 5*z - 5*m + 60 + 170 = 0. Let l = z - -53. Is (-1)/l + 2 + (-213)/(-4) composite?
True
Suppose 113*k + 1548975 = q + 112*k, -3*q - k = -4646957. Is q prime?
True
Suppose -16*j = j - 2818651. Is j a prime number?
False
Let l = 15486 + -6490. Let j be l - 1 - 0/(-3). Suppose 0 = 8*t - j + 923. Is t prime?
True
Suppose -6 = r - 6. Let a(k) = k**2 + 2*k + 4. Let m be a(r). Suppose 2519 = 2*s - c, 3*s + 9*c - 3772 = m*c. Is s a prime number?
True
Is -11 + -8451*(-7 - (6 - 10)) a prime number?
False
Let f(j) = 21 - 12 + 33*j - 51 + 15*j - 65. Is f(8) a composite number?
False
Let m = 481117 + -226836. Is m composite?
False
Let c = -8616 - -120529. Is c a composite number?
False
Let c be (-17)/(-5) - (-2)/(-5). Suppose -d = c*d + 12. Is -1 - (693/(-6))/d*-8 a prime number?
True
Let x = -9 - -3. Is 6358 + (66/99 - 2/x) composite?
False
Suppose 4*z - 14 = 2*q + 2, z - 4*q - 11 = 0. Suppose s = 2*j - 11, z*s + 2*j - 5*j + 30 = 0. Is (s/(-3))/(-3) - -888 a composite number?
False
Let i(b) = 188*b - 18. Let u(o) = -o**3 + 21*o**2 - 22*o + 23. Let d be u(20). Let m = 21 + d. Is i(m) composite?
True
Suppose 7*u + 10581024 = -1472094. Is 4/26 + u/(-182) composite?
False
Let g be 6/(-16) - (-12)/32. Suppose -5*d - 6*d + 238733 = g. Is d prime?
False
Suppose -k - 2063 + 14221 = 0. Suppose -3*p + p = 4*s - 24300, 0 = 2*s - p - k. Is s composite?
True
Let s be -54*(2/(-7) + 2/(-42)). Suppose -2743 = -s*q + 5735. Is q prime?
False
Let b = -170 - -186. Is -2*((-28828)/b + 1/4) a prime number?
False
Let w(q) = -96*q**3 + 14*q**2 + 8*q + 65. Is w(-16) prime?
False
Let g be -1 + 1 + 0/6. Suppose g = -4*u + 2*k + 34, 3*u - 32 = -0*u - 5*k. Suppose u*s - 1369 = 584. Is s a composite number?
True
Let t be (-184160)/(-30) + -2*3/(-18). Let o = 12728 - t. Is o prime?
False
Suppose 2*i - 2*l = -1102, 0 = -5*i - 3*l - l - 2719. Let y = i - -2184. Is y composite?
False
Let n(o) = 1121*o - 77. Let v be n(4). Let s = v + -2642. Is s composite?
True
Let n(q) be the second derivative of -1/12*q**4 - 7*q**2 - 5/6*q**3 - 1/10*q**5 - 3*q + 0. Is n(-4) composite?
True
Let z(h) be the third derivative of 13*h**5/60 - h**4/3 - h**3/2 + 2*h**2. Let x(m) = -5*m**2 - 2*m - 2. Let c be x(-1). Is z(c) a prime number?
False
Let n(u) = -13*u**2 + 30*u - 59. Let k(c) = -6*c**2 + 14*c - 30. Let a(y) = -7*k(y) + 3*n(y). Is a(8) a composite number?
True
Let p be (0 + (5 - 4))*5. Is (6/12)/(p/19390) composite?
True
Suppose 2338464 = 3*q - 3*h, -4*q + 1077471 + 2040499 = -2*h. Is q prime?
False
Let y = 69637 + -27667. Suppose 0 = 60*l - y - 206490. Is l prime?
False
Suppose -i - 2*t + 56566 = 0, 100435 + 12703 = 2*i + 5*t. Is i a prime number?
False
Suppose 0*g - 9 = 2*s - 3*g, -4*s + g - 3 = 0. Suppose s = 9*w - 8619 - 5754. Is w composite?
False
Suppose 6*c - 44619 - 28431 = 0. Let s = -8058 + c. Is s composite?
True
Suppose s + 12 = -4*l - 17, -5*s + 3*l = 30. Let m be s/(-3) + (7 + -3)*956. Suppose -15*f + 4*c + m = -12*f, -c - 5107 = -4*f. Is f composite?
False
Let w(p) = -p**2 + p - 1. Let b(k) = -4*k**2 + 4*k - 9. Let g(f) = -b(f) + 6*w(f). Let v be g(3). Let a(m) = -99*m + 68. Is a(v) prime?
False
Let l = -45 - -30. Let c(w) = 18*w**2 + 20*w + 73. Is c(l) a prime number?
True
Let a(y) = y**2 + 2*y - 54. Let w = 142 + -116. Let k be a(w). Suppose -2*j + 2608 + k = 0. Is j prime?
False
Suppose 2*v + 4*l - 4 = 0, -l + 16 = 4*v - v. Let z be ((-8)/20)/(v/15). Is -2 - ((z/(-1) - 1265) + 1) a composite number?
True
Suppose 19 = -2*d + 15, 0 = 5*v + d - 1343603. Is v prime?
True
Let r = -15 + 17. Suppose -5184 = 3*c + 3*z, 2*c + 2*z + 3456 = -r*z. Let l = c - -2446. Is l a composite number?
True
Let h = -689 - -689. Suppose 5*o + 5*o - 1570 = h. Is o prime?
True
Let y(r) = 18*r + 112. Let k be y(-6). Suppose -o + m = -8881, 5*o - k*m + 44387 = 10*o. Is o a prime number?
False
Let a = -92312 + 219301. Is a a composite number?
False
Let s(f) = 4593*f + 3112. Is s(65) prime?
True
Let t(q) = 12*q**2 + 14*q - 5. Let c(w) = 2*w + 3. Let f be c(25). Let i be ((-8)/6*-1)/(f/636). Is t(i) a prime number?
False
Suppose 473969 = 10*z - 280221. Is z prime?
False
Let q be 6 + 54*414 - 5. Let r = -8804 + q. Is r prime?
True
Suppose 590*j - 601*j + 1193451 + 695612 = 0. Is j composite?
False
Suppose 23202457 = 35*k + 33*k + 69*k. Is k composite?
False
Let l be 13 - (8/(-5))/(10/(-25)). Suppose -l*i = -21*i + 948. Is i prime?
True
Let l(a) = a**2 + 2*a + 1. Let i be l(-1). Suppose 2*u - 14 = -4*t, -4*t - u + 11 + i = 0. Is t/(-5*(-8)/18860) prime?
False
Let s(j) = -j**3 - 23*j**2 + 53*j + 69. Let f be s(-25). Let c(d) = 467*d**2 - 57*d + 13. Is c(f) composite?
False
Suppose -17*d + 17448 = -86541. Is d a composite number?
True
Let c(v) = -25412*v + 27. Is c(-1) a prime number?
True
Is (-28 - -13) + 178086 + (-1 - -5)/(-1) a composite number?
False
Let x(u) = 571*u**2 + 18*u - 26. Is x(29) prime?
True
Is 9 + ((-7619088)/(-28) - 14/49) composite?
True
Suppose -6*s - 436 = 1406. Let n = s + 576. Is n prime?
True
Suppose 0 = 2*i - 3*x - 5175, 3930 = 3*i - x - 3829. Let s = 1819 - i. Let d = -430 - s. Is d composite?
False
Suppose -7*z + 70502 = -3*z - 2*